 139*r - 38. What is d(13)?
79
Let l(s) = -3*s**2 - 36*s - 48. Determine l(-7).
57
Let k(c) = 8*c**2 - 22*c + 60. Calculate k(9).
510
Let u(k) = 35*k - 18. What is u(3)?
87
Let m(o) = 4*o**3 - 179*o**2 + 1770*o - 6. Determine m(30).
-6
Let r(b) = 4*b**2 + 20*b + 32. Give r(-5).
32
Let b(z) = -z**3 - 35*z + 73. Give b(2).
-5
Let l(x) = x**3 - 2*x**2 - 9*x - 12. Give l(5).
18
Let s(d) = d**2 + 361*d + 2814. Give s(-8).
-10
Let y(w) = -107*w + 9632. What is y(90)?
2
Let p(o) = o**3 + 17*o**2 + 32*o - 42. Determine p(-15).
-72
Let c(z) = -2*z**3 - 26*z**2 - 89*z - 514. Give c(-11).
-19
Let b(g) = -g**2 - 22. What is b(-9)?
-103
Let k(b) = 34*b + 1511. Give k(-50).
-189
Let b(w) = 2*w**3 - 82*w**2 - 88*w - 79. Give b(42).
-247
Let y(q) = -360*q + 6835. What is y(19)?
-5
Let c(o) = o**3 + 58*o**2 + 111*o - 60. What is c(-56)?
-4
Let h(t) = -4*t**3 + 4*t**2 + 66*t + 8. Give h(5).
-62
Let w(g) = 6*g**3 + 53*g**2 - 42*g - 246. Give w(-9).
51
Let k(m) = 248*m + 340. Determine k(1).
588
Let h(j) = -71*j + 7618. Calculate h(107).
21
Let y(n) = -83*n - 3431. Calculate y(-41).
-28
Let u(j) = 4*j**2 + 41*j - 264. Calculate u(-19).
401
Let w(d) = 114*d + 352. Determine w(-3).
10
Let m(i) = 5*i**2 - 159*i - 316. What is m(-2)?
22
Let x(f) = -14*f**3 - 26*f**2 - 9*f - 1. Give x(-2).
25
Let f(d) = d**3 - 277*d**2 - 245*d - 9174. Determine f(278).
0
Let g(w) = w**3 - 7*w**2 + 63*w + 17. Calculate g(0).
17
Let y(a) = -370*a**2 + 22568*a + 129. What is y(61)?
7
Let q(a) = 12*a - 67. Calculate q(-7).
-151
Let p(n) = 2*n**3 + 6*n**2 - 80*n - 28. Calculate p(5).
-28
Let f(r) = 3*r + 28. Give f(-13).
-11
Let v(z) = 2*z**3 + 105*z**2 - 157*z + 77. What is v(-54)?
-193
Let b(v) = 26*v - 479. What is b(18)?
-11
Let t(h) = -h**3 - 14*h**2 + 28*h - 3. What is t(-17)?
388
Let k(a) = 2*a**3 + 8*a**2 + 25*a - 8. Determine k(-4).
-108
Let k(q) = -5*q**3 + 111*q**2 + 93*q - 25. Give k(23).
-2
Let h(r) = 4*r**3 + 12*r**2 + 7*r + 41. Calculate h(-3).
20
Let a(j) = -2*j**2 - 6*j - 45. Determine a(-11).
-221
Let k(b) = 12*b - 11. Calculate k(7).
73
Let p(g) = 5*g**2 - 23*g + 97. Give p(8).
233
Let y(k) = 42*k - 101. Give y(0).
-101
Let n(r) = 13*r**2 - 840*r - 328. Determine n(65).
-3
Let l(c) = -2*c**3 + 6*c**2 + 21*c + 33. Calculate l(5).
38
Let c(o) = o**3 - 13*o**2 + 32*o + 19. Determine c(7).
-51
Let d(n) = -3*n**3 - 229*n**2 - 135*n - 4490. Calculate d(-76).
-6
Let s(t) = -6*t**2 + 114*t. Give s(3).
288
Let m(t) = -649*t**2 + 30501*t + 105. Give m(47).
11
Let g(t) = 3*t**2 + 2*t - 161. Determine g(14).
455
Let k(j) = -j**2 - 2*j - 334. What is k(-12)?
-454
Let z(o) = o**3 + 143*o**2 + 431*o + 1526. What is z(-140)?
-14
Let y(z) = -3*z**2 - 73*z - 373. Give y(-17).
1
Let q(r) = -6*r**3 + 25*r**2 + 8*r - 46. Give q(4).
2
Let d(q) = q**2 - 267*q + 10645. Determine d(218).
-37
Let i(m) = 2*m + 6. Give i(30).
66
Let p(u) = -4*u**2 - 3*u + 55. Give p(4).
-21
Let f(h) = h**2 + 104*h + 2408. Calculate f(-71).
65
Let f(t) = -84*t + 3160. What is f(38)?
-32
Let h(c) = -c**2 - 288*c + 2080. Give h(7).
15
Let k(x) = x**3 + x**2 - 16*x - 8. Determine k(7).
272
Let f(h) = -15*h + 415. What is f(29)?
-20
Let j(v) = -23*v - 84. What is j(-3)?
-15
Let m(r) = r**3 + 9*r**2 - 15*r + 3. Give m(-11).
-74
Let q(r) = 9*r**2 + 106*r - 9. What is q(-12)?
15
Let v(i) = 188*i + 558. What is v(-3)?
-6
Let q(o) = -o**2 - 23*o + 2. Calculate q(-23).
2
Let y(s) = 2*s**2 - 79*s - 249. Determine y(-3).
6
Let y(n) = 14*n**2 + 185*n + 50. Calculate y(-13).
11
Let m(w) = 24*w + 487. Give m(-11).
223
Let m(i) = -21*i**2 + 1660*i - 134. Give m(79).
-55
Let a(x) = -x**3 + 4*x**2 + 13*x - 7. Calculate a(6).
-1
Let u(m) = 655*m + 3230. What is u(-5)?
-45
Let k(g) = 353*g**2 + 9*g + 10. Calculate k(-1).
354
Let r(l) = 2017*l - 32274. Determine r(16).
-2
Let j(r) = -r**3 + 21*r**2 - 12*r + 237. Determine j(21).
-15
Let r(g) = 203*g - 18070. What is r(89)?
-3
Let z(k) = -9*k**2 + 1040*k - 1556. Give z(114).
40
Let y(a) = -5*a - 34. Calculate y(-2).
-24
Let z(r) = -7*r**2 - 199*r - 988. Determine z(-22).
2
Let p(o) = 20*o**2 - 86*o + 175. Calculate p(2).
83
Let d(b) = b**3 + 55*b**2 + 108*b + 79. What is d(-53)?
-27
Let s(t) = 29*t**2 + 2*t + 15. Give s(-3).
270
Let l(d) = 7*d + 233. Give l(-28).
37
Let m(l) = 213*l - 35. Calculate m(0).
-35
Let z(p) = -2*p**3 + 6*p**2 + 64*p + 39. Calculate z(8).
-89
Let f(s) = s**3 + 53*s**2 - 170*s - 155. What is f(-56)?
-43
Let h(i) = 2307*i - 64595. Calculate h(28).
1
Let j(r) = r**2 - r - 110. Determine j(11).
0
Let x(r) = 252*r**3 + 11*r**2 + 3*r - 15. Calculate x(1).
251
Let o(n) = -40*n - 208. Determine o(-8).
112
Let h(m) = 17*m - 572. Give h(39).
91
Let o(s) = 6*s**2 + 9*s - 16. Determine o(3).
65
Let j(o) = -o**3 + 29*o**2 - 201*o + 40. What is j(18)?
-14
Let u(s) = 256*s - 5147. Calculate u(20).
-27
Let z(y) = 3*y + 692. Give z(-230).
2
Let t(u) = u**3 - 58*u**2 - 613*u + 677. Give t(67).
7
Let q(w) = 17*w**2 + 242*w + 45. What is q(-14)?
-11
Let r(t) = -11*t**3 - 1417*t**2 + 264*t + 768. Determine r(-129).
-6
Let p(o) = 2*o**3 - 11*o**2 + 17*o + 15. Calculate p(4).
35
Let a(m) = 17*m + 325. Give a(-15).
70
Let l(m) = 8*m**3 + 48*m**2 - 53*m - 13. Determine l(-7).
-34
Let t(x) = 2*x**3 - 3*x**2 + 9*x + 70. Give t(-5).
-300
Let y(w) = w**3 - 25*w**2 - 27*w + 29. Calculate y(26).
3
Let k(n) = 15*n**2 - 453*n + 96. Give k(30).
6
Let a(c) = -3*c**2 - 78*c - 20. Determine a(-26).
-20
Let g(m) = -212*m**3 + 4*m**2 - 4*m - 1. What is g(1)?
-213
Let v(f) = f**2 + 39*f - 155. Calculate v(4).
17
Let z(k) = 2*k**3 - 85*k**2 + 200*k - 2. Calculate z(40).
-2
Let z(q) = -501*q + 128246. What is z(256)?
-10
Let w(j) = -j**3 + 7*j**2 - 15*j - 3. Give w(0).
-3
Let m(o) = o**3 - 11*o**2 - 32*o - 36. Determine m(11).
-388
Let f(c) = -374*c - 2614. Calculate f(-7).
4
Let v(k) = -2*k**2 - 49*k + 66. Calculate v(-29).
-195
Let s(g) = -3*g**2 - 139*g + 903. What is s(-52)?
19
Let f(k) = k**3 + 51*k**2 + 136*k - 384. Determine f(-48).
0
Let h(x) = -680*x + 16335. What is h(24)?
15
Let l(z) = 13*z**3 + 5*z**2 + 7*z + 2. What is l(-1)?
-13
Let w(y) = y**3 + 19*y**2 - 46*y - 29. Give w(-21).
55
Let u(g) = -2*g**2 - 30*g + 160. Calculate u(-17).
92
Let a(t) = 8*t**3 - t**2 + 25*t - 2. Calculate a(0).
-2
Let n(d) = -d**3 + 72*d**2 + 75*d - 86. Give n(73).
60
Let b(f) = -f**2 - 29*f - 149. What is b(-8)?
19
Let v(f) = -f**3 + 11*f**2 - 2*f + 4. What is v(9)?
148
Let y(o) = 3*o**3 - 20*o**2 + 26*o - 232. Calculate y(7).
-1
Let y(f) = f**2 + 17*f - 257. Determine y(-26).
-23
Let x(n) = -n**3 - 10*n**2 - 7*n - 2. Calculate x(-5).
-92
Let y(w) = -3*w**2 + 417*w + 12864. Give y(-26).
-6
Let v(w) = 19*w + 1413. What is v(-75)?
-12
Let n(g) = 201*g + 1426. Determine n(-7).
19
Let p(v) = -v**3 - 12*v**2 + 10*v + 327. Give p(-10).
27
Let q(g) = -112*g - 3075. Calculate q(-28).
61
Let a(j) = -161*j + 880. Determine a(6).
-86
Let b(x) = 1741*x - 5232. Determine b(3).
-9
Let v(g) = 2*g**3 + 51*g**2 + 72*g + 28. What is v(-24)?
28
Let k(m) = m**3 - 7*m**2 - 12*m - 5. Give k(9).
49
Let r(b) = -b + 47. Determine r(-34).
81
Let a(q) = 5*q**3 + 51*q**2 + 58*q - 38. What is a(-9)?
-74
Let u(k) = -28*k - 484. Calculate u(-18).
20
Let t(f) = -23*f - 482. What is t(-30)?
208
Let j(o) = o**3 - 38*o**2 - 40*o - 123. Give j(39).
-162
Let w(y) = y**3 - 48*y**2 - 198*y - 519. Calculate w(52).
1
Let o(i) = -3*i**2 - 32*i + 36. Give o(-11).
25
Let h(d) = -23*d + 3. Determine h(3).
-66
Let d(b) = b**2 - 33*b + 168. Determine d(5).
28
Let a(i) = -2*i**2 + 1715*i + 15594. What is a(-9)?
-3
Let i(a) = -26*a - 171. Give i(-7).
11
Let h(j) = 2*j**3 + 27*j**2 + 32*j - 7. Determine h(-12).
41
Let m(z) = -z**3 - 25*z**2 - 114*z + 171. What is m(-8)?
-5
Let q(g) = g**3 - 71*g**2 + 269*g + 1. What is q(4)?
5
Let v(h) = -3*h**3 - 46*h**2 + 58*h + 1065. Calculate v(-15).
-30
Let o(x) = 2*x**2 - 363*x - 717. Give o(-2).
17
Let m(p) = -59*p - 2226. What is m(-38)?
16
Let r(g) = g**3 - 9*g**2 + 9*g - 96. Calculate r(0).
-96
Let k(s) = -14*s + 685. What is k(49)?
-1
Let m(r) = -8*r**3 + 4*r**2 - 147*r - 150. Determine m(-1).
9
Let c(j) = 2*j**3 - 9*j**2 - 18*j + 86. Determine c(5).
21
Let y(s) = -s**3 + 5*s**2 + 25*s - 103. Give y(3).
-10
Let c(t) = 753*t - 30880. What is c(41)?
-7
Let m(w) = w**3 - 3*w**2 - 9*w - 3. Calculate m(-5).
-158
Let 